 4513.
5
Calculate the remainder when 459909 is divided by 10.
9
Calculate the remainder when 44061 is divided by 130.
121
Calculate the remainder when 1912 is divided by 600.
112
What is the remainder when 316555 is divided by 13?
5
What is the remainder when 44123 is divided by 7343?
65
Calculate the remainder when 222615 is divided by 13.
3
Calculate the remainder when 8903 is divided by 5.
3
What is the remainder when 292724 is divided by 146353?
18
What is the remainder when 1610 is divided by 8?
2
Calculate the remainder when 204040 is divided by 365.
5
What is the remainder when 395221 is divided by 184?
173
What is the remainder when 289 is divided by 191?
98
What is the remainder when 10737 is divided by 393?
126
Calculate the remainder when 5994 is divided by 193.
11
Calculate the remainder when 403640 is divided by 129.
128
What is the remainder when 5867 is divided by 53?
37
What is the remainder when 18925 is divided by 1891?
15
Calculate the remainder when 146 is divided by 20.
6
What is the remainder when 37 is divided by 36?
1
Calculate the remainder when 294028 is divided by 103.
66
What is the remainder when 4333 is divided by 729?
688
Calculate the remainder when 933038 is divided by 109.
107
What is the remainder when 7948 is divided by 46?
36
What is the remainder when 40839 is divided by 1317?
12
Calculate the remainder when 62499 is divided by 199.
13
Calculate the remainder when 55087 is divided by 82.
65
What is the remainder when 69500 is divided by 23117?
149
Calculate the remainder when 2075 is divided by 412.
15
What is the remainder when 1143151 is divided by 409?
405
Calculate the remainder when 6492 is divided by 8.
4
What is the remainder when 341025 is divided by 13?
9
What is the remainder when 176543 is divided by 8?
7
Calculate the remainder when 17372 is divided by 8628.
116
What is the remainder when 5226 is divided by 1038?
36
What is the remainder when 6597 is divided by 150?
147
What is the remainder when 177496 is divided by 1250?
1246
What is the remainder when 80123 is divided by 21?
8
Calculate the remainder when 21588 is divided by 65.
8
What is the remainder when 2812 is divided by 2807?
5
Calculate the remainder when 35141 is divided by 288.
5
Calculate the remainder when 124739 is divided by 73.
55
Calculate the remainder when 55094 is divided by 2744.
214
What is the remainder when 3990 is divided by 38?
0
What is the remainder when 104095 is divided by 21?
19
What is the remainder when 2353 is divided by 37?
22
Calculate the remainder when 245527 is divided by 9.
7
Calculate the remainder when 5072 is divided by 2348.
376
What is the remainder when 8549 is divided by 46?
39
What is the remainder when 14918 is divided by 182?
176
What is the remainder when 42105 is divided by 44?
41
Calculate the remainder when 589 is divided by 455.
134
Calculate the remainder when 802652 is divided by 104.
84
What is the remainder when 736 is divided by 357?
22
What is the remainder when 22099 is divided by 1109?
1028
What is the remainder when 5198 is divided by 400?
398
What is the remainder when 13678 is divided by 38?
36
Calculate the remainder when 4054 is divided by 225.
4
What is the remainder when 838752 is divided by 662?
660
Calculate the remainder when 8363 is divided by 31.
24
What is the remainder when 35209 is divided by 2200?
9
Calculate the remainder when 2017 is divided by 1978.
39
What is the remainder when 25325 is divided by 189?
188
Calculate the remainder when 17693 is divided by 708.
701
Calculate the remainder when 196693 is divided by 279.
277
Calculate the remainder when 2792 is divided by 37.
17
What is the remainder when 17989 is divided by 17936?
53
What is the remainder when 3292 is divided by 61?
59
What is the remainder when 46916 is divided by 51?
47
Calculate the remainder when 168166 is divided by 84.
82
What is the remainder when 87161 is divided by 29051?
8
What is the remainder when 44974 is divided by 66?
28
Calculate the remainder when 3667 is divided by 288.
211
What is the remainder when 3107 is divided by 1055?
997
What is the remainder when 1080623 is divided by 475?
473
Calculate the remainder when 26313 is divided by 68.
65
What is the remainder when 1654 is divided by 344?
278
What is the remainder when 38526 is divided by 19252?
22
Calculate the remainder when 4828 is divided by 1457.
457
Calculate the remainder when 12948 is divided by 70.
68
Calculate the remainder when 14915 is divided by 2031.
698
Calculate the remainder when 3961 is divided by 1065.
766
Calculate the remainder when 7354 is divided by 433.
426
What is the remainder when 11578 is divided by 5?
3
What is the remainder when 31678 is divided by 528?
526
What is the remainder when 304785 is divided by 16?
1
Calculate the remainder when 95809 is divided by 413.
406
Calculate the remainder when 21476 is divided by 477.
11
What is the remainder when 83702 is divided by 131?
124
What is the remainder when 277400 is divided by 277395?
5
Calculate the remainder when 14304 is divided by 717.
681
Calculate the remainder when 3678 is divided by 333.
15
Calculate the remainder when 135895 is divided by 7.
4
What is the remainder when 2035 is divided by 2023?
12
What is the remainder when 788195 is divided by 43788?
11
Calculate the remainder when 81927 is divided by 562.
437
Calculate the remainder when 2607 is divided by 860.
27
Calculate the remainder when 3481 is divided by 109.
102
What is the remainder when 16407 is divided by 101?
45
Calculate the remainder when 128757 is divided by 42916.
9
What is the remainder when 1611 is divided by 78?
51
What is the remainder when 88029 is divided by 652?
9
What is the remainder when 7579 is divided by 1483?
164
What is the remainder when 3181 is divided by 177?
172
Calculate the remainder when 47649 is divided by 589.
529
What is the remainder when 171403 is divided by 15?
13
What is the remainder when 48873 is divided by 13?
6
What is the remainder when 71097 is divided by 225?
222
What is the remainder when 1262 is divided by 103?
26
What is the remainder when 5190 is divided by 14?
10
Calculate the remainder when 58649 is divided by 52.
45
Calculate the remainder when 60462 is divided by 25.
12
What is the remainder when 11888 is divided by 1691?
51
What is the remainder when 187 is divided by 58?
13
What is the remainder when 815 is divided by 237?
104
What is the remainder when 700106 is divided by 152?
146
Calculate the remainder when 33994 is divided by 89.
85
What is the remainder when 796 is divided by 725?
71
Calculate the remainder when 6251 is divided by 148.
35
What is the remainder when 4162 is divided by 1038?
10
What is the remainder when 338867 is divided by 99?
89
What is the remainder when 5101 is divided by 462?
19
Calculate the remainder when 67985 is divided by 33984.
17
Calculate the remainder when 1207 is divided by 36.
19
Calculate the remainder when 23112 is divided by 38.
8
Calculate the remainder when 16193 is divided by 4047.
5
What is the remainder when 64333 is divided by 975?
958
Calculate the remainder when 8666 is divided by 2852.
110
Calculate the remainder when 7672967 is divided by 648.
647
Calculate the remainder when 2339 is divided by 109.
50
What is the remainder when 102570 is divided by 131?
128
Calculate the remainder when 14578 is divided by 60.
58
What is the remainder when 86 is divided by 17?
1
Calculate the remainder when 28362 is divided by 14174.
14
What is the remainder when 84076 is divided by 28021?
13
What is the remainder when 9048 is divided by 7487?
1561
What is the remainder when 26589 is divided by 27?
21
What is the remainder when 3495 is divided by 621?
390
Calculate the remainder when 166874 is divided by 6952.
26
What is the remainder when 1679 is divided by 18?
5
Calculate the remainder when 10805 is divided by 10732.
73
What is the remainder when 117222 is divided by 19535?
12
What is the remainder when 33850 is divided by 364?
362
What is the remainder when 10744 is divided by 1305?
304
Calculate the remainder when 408808 is divided by 87.
82
Calculate the remainder when 10888 is divided by 3628.
4
Calculate the remainder when 2224 is divided by 1044.
136
Calculate the remainder when 6505